{"id":815,"date":"2024-06-18T15:02:09","date_gmt":"2024-06-18T15:02:09","guid":{"rendered":"https:\/\/carpinteriajaviersanz.com\/?page_id=815"},"modified":"2024-06-18T16:00:15","modified_gmt":"2024-06-18T16:00:15","slug":"reformacion-del-hogar","status":"publish","type":"page","link":"https:\/\/carpinteriajaviersanz.com\/eus\/reformacion-del-hogar\/","title":{"rendered":"Reformaci\u00f3n del hogar"},"content":{"rendered":"<div data-elementor-type=\"wp-page\" data-elementor-id=\"815\" class=\"elementor elementor-815\" data-elementor-post-type=\"page\">\n\t\t\t\t<div class=\"elementor-element elementor-element-b8f1702 e-con-full e-flex e-con e-parent\" data-id=\"b8f1702\" data-element_type=\"container\" data-e-type=\"container\">\n\t\t\t\t<div class=\"elementor-element elementor-element-dd15520 elementor-widget__width-initial elementor-arrows-position-inside elementor-pagination-position-outside elementor-widget elementor-widget-image-carousel\" data-id=\"dd15520\" data-element_type=\"widget\" data-e-type=\"widget\" data-settings=\"{&quot;slides_to_show&quot;:&quot;1&quot;,&quot;navigation&quot;:&quot;both&quot;,&quot;autoplay&quot;:&quot;yes&quot;,&quot;pause_on_hover&quot;:&quot;yes&quot;,&quot;pause_on_interaction&quot;:&quot;yes&quot;,&quot;autoplay_speed&quot;:5000,&quot;infinite&quot;:&quot;yes&quot;,&quot;effect&quot;:&quot;slide&quot;,&quot;speed&quot;:500}\" data-widget_type=\"image-carousel.default\">\n\t\t\t\t<div class=\"elementor-widget-container\">\n\t\t\t\t\t\t\t<div class=\"elementor-image-carousel-wrapper swiper\" role=\"region\" aria-roledescription=\"carousel\" aria-label=\"Carrusel de im\u00e1genes\" dir=\"ltr\">\n\t\t\t<div class=\"elementor-image-carousel swiper-wrapper swiper-image-stretch\" aria-live=\"off\">\n\t\t\t\t\t\t\t\t<div class=\"swiper-slide\" role=\"group\" aria-roledescription=\"slide\" aria-label=\"1 de 3\"><figure class=\"swiper-slide-inner\"><img decoding=\"async\" class=\"swiper-slide-image\" src=\"https:\/\/carpinteriajaviersanz.com\/wp-content\/uploads\/elementor\/thumbs\/floor-level-view-of-laminate-flooring-installation-home-renovation-construction-materials-tiles-1-qpuhspo4mzq2h91oy6ozkfsvhit2ix09hgf20bwvcu.jpg\" alt=\"Floor level view of laminate flooring installation, home renovation, construction materials, tiles\" \/><\/figure><\/div><div class=\"swiper-slide\" role=\"group\" aria-roledescription=\"slide\" aria-label=\"2 de 3\"><figure class=\"swiper-slide-inner\"><img decoding=\"async\" class=\"swiper-slide-image\" src=\"https:\/\/carpinteriajaviersanz.com\/wp-content\/uploads\/elementor\/thumbs\/man-installing-new-timber-laminated-wooden-floor-home-improvement-house-renovation-project-concept-qpui0zmyth1ypn0vm9hq0ulzso0fayv6af7z51n2ke.jpg\" alt=\"Man installing new timber laminated wooden floor, home improvement, house renovation project concept\" \/><\/figure><\/div><div class=\"swiper-slide\" role=\"group\" aria-roledescription=\"slide\" aria-label=\"3 de 3\"><figure class=\"swiper-slide-inner\"><img decoding=\"async\" class=\"swiper-slide-image\" src=\"https:\/\/carpinteriajaviersanz.com\/wp-content\/uploads\/elementor\/thumbs\/smiling-young-professional-couple-preparing-room-for-renovation-home-qpuij7qbbu03tgjv753bd91qfm6mjp7tgmkw46m9xa.jpg\" alt=\"Smiling young professional couple preparing room for renovation home\" \/><\/figure><\/div>\t\t\t<\/div>\n\t\t\t\t\t\t\t\t\t\t\t\t<div class=\"elementor-swiper-button elementor-swiper-button-prev\" role=\"button\" tabindex=\"0\">\n\t\t\t\t\t\t<svg aria-hidden=\"true\" class=\"e-font-icon-svg e-eicon-chevron-left\" viewbox=\"0 0 1000 1000\" xmlns=\"http:\/\/www.w3.org\/2000\/svg\"><path d=\"M646 125C629 125 613 133 604 142L308 442C296 454 292 471 292 487 292 504 296 521 308 533L604 854C617 867 629 875 646 875 663 875 679 871 692 858 704 846 713 829 713 812 713 796 708 779 692 767L438 487 692 225C700 217 708 204 708 187 708 171 704 154 692 142 675 129 663 125 646 125Z\"><\/path><\/svg>\t\t\t\t\t<\/div>\n\t\t\t\t\t<div class=\"elementor-swiper-button elementor-swiper-button-next\" role=\"button\" tabindex=\"0\">\n\t\t\t\t\t\t<svg aria-hidden=\"true\" class=\"e-font-icon-svg e-eicon-chevron-right\" viewbox=\"0 0 1000 1000\" xmlns=\"http:\/\/www.w3.org\/2000\/svg\"><path d=\"M696 533C708 521 713 504 713 487 713 471 708 454 696 446L400 146C388 133 375 125 354 125 338 125 325 129 313 142 300 154 292 171 292 187 292 204 296 221 308 233L563 492 304 771C292 783 288 800 288 817 288 833 296 850 308 863 321 871 338 875 354 875 371 875 388 867 400 854L696 533Z\"><\/path><\/svg>\t\t\t\t\t<\/div>\n\t\t\t\t\n\t\t\t\t\t\t\t\t\t<div class=\"swiper-pagination\"><\/div>\n\t\t\t\t\t\t\t\t\t<\/div>\n\t\t\t\t\t\t<\/div>\n\t\t\t\t<\/div>\n\t\t\t\t<\/div>\n\t\t<div class=\"elementor-element elementor-element-e8aabca e-flex e-con-boxed e-con e-parent\" data-id=\"e8aabca\" data-element_type=\"container\" data-e-type=\"container\">\n\t\t\t\t\t<div class=\"e-con-inner\">\n\t\t\t\t<div class=\"elementor-element elementor-element-e90e3a8 elementor-widget elementor-widget-text-editor\" data-id=\"e90e3a8\" data-element_type=\"widget\" data-e-type=\"widget\" data-widget_type=\"text-editor.default\">\n\t\t\t\t<div class=\"elementor-widget-container\">\n\t\t\t\t\t\t\t\t\t<p>En nuestra empresa de carpinter\u00eda, nos especializamos en la reformaci\u00f3n integral de hogares, ofreciendo soluciones personalizadas que combinan la belleza natural de la madera con la funcionalidad moderna. Nuestro compromiso es crear espacios \u00fanicos y a la medida de cada cliente, escuchando sus necesidades y transformando sus ideas en realidad. Desde cocinas y ba\u00f1os hasta salas de estar y dormitorios, nuestro equipo de expertos carpinteros trabaja con dedicaci\u00f3n y pasi\u00f3n para ofrecer resultados excepcionales. Nos aseguramos de que cada detalle est\u00e9 considerado, desde la elecci\u00f3n de materiales hasta la disposici\u00f3n de cada mueble. Creemos que la carpinter\u00eda es un arte, y como tal, nos esforzamos por alcanzar la perfecci\u00f3n en cada proyecto que abordamos. As\u00ed que si est\u00e1s buscando transformar tu hogar en un espacio funcional, hermoso y c\u00e1lido, no dudes en contactarnos.<\/p>\t\t\t\t\t\t\t\t<\/div>\n\t\t\t\t<\/div>\n\t\t\t\t\t<\/div>\n\t\t\t\t<\/div>\n\t\t\t\t<\/div>","protected":false},"excerpt":{"rendered":"<p>En nuestra empresa de carpinter\u00eda, nos especializamos en la reformaci\u00f3n integral de hogares, ofreciendo soluciones personalizadas que combinan la belleza natural de la madera con la funcionalidad moderna. Nuestro compromiso es crear espacios \u00fanicos y a la medida de cada cliente, escuchando sus necesidades y transformando sus ideas en realidad. Desde cocinas y ba\u00f1os hasta [&hellip;]<\/p>\n","protected":false},"author":1,"featured_media":0,"parent":0,"menu_order":0,"comment_status":"closed","ping_status":"closed","template":"elementor_canvas","meta":{"footnotes":""},"class_list":["post-815","page","type-page","status-publish","hentry"],"yoast_head":"<!-- This site is optimized with the Yoast SEO plugin v27.4 - https:\/\/yoast.com\/product\/yoast-seo-wordpress\/ -->\n<title>Reformaci\u00f3n del hogar - Carpinter\u00eda Javier Sanz<\/title>\n<meta name=\"robots\" content=\"index, follow, max-snippet:-1, max-image-preview:large, max-video-preview:-1\" \/>\n<link rel=\"canonical\" href=\"https:\/\/carpinteriajaviersanz.com\/eus\/reformacion-del-hogar\/\" \/>\n<meta property=\"og:locale\" content=\"en_US\" \/>\n<meta property=\"og:type\" content=\"article\" \/>\n<meta property=\"og:title\" content=\"Reformaci\u00f3n del hogar - Carpinter\u00eda Javier Sanz\" \/>\n<meta property=\"og:description\" content=\"En nuestra empresa de carpinter\u00eda, nos especializamos en la reformaci\u00f3n integral de hogares, ofreciendo soluciones personalizadas que combinan la belleza natural de la madera con la funcionalidad moderna. Nuestro compromiso es crear espacios \u00fanicos y a la medida de cada cliente, escuchando sus necesidades y transformando sus ideas en realidad. Desde cocinas y ba\u00f1os hasta [&hellip;]\" \/>\n<meta property=\"og:url\" content=\"https:\/\/carpinteriajaviersanz.com\/eus\/reformacion-del-hogar\/\" \/>\n<meta property=\"og:site_name\" content=\"Carpinter\u00eda Javier Sanz\" \/>\n<meta property=\"article:modified_time\" content=\"2024-06-18T16:00:15+00:00\" \/>\n<meta property=\"og:image\" content=\"https:\/\/carpinteriajaviersanz.com\/wp-content\/uploads\/elementor\/thumbs\/floor-level-view-of-laminate-flooring-installation-home-renovation-construction-materials-tiles-1-qpuhspo4mzq2h91oy6ozkfsvhit2ix09hgf20bwvcu.jpg\" \/>\n<meta name=\"twitter:card\" content=\"summary_large_image\" \/>\n<meta name=\"twitter:label1\" content=\"Est. reading time\" \/>\n\t<meta name=\"twitter:data1\" content=\"2 minutua\" \/>\n<script type=\"application\/ld+json\" class=\"yoast-schema-graph\">{\"@context\":\"https:\\\/\\\/schema.org\",\"@graph\":[{\"@type\":\"WebPage\",\"@id\":\"https:\\\/\\\/carpinteriajaviersanz.com\\\/reformacion-del-hogar\\\/\",\"url\":\"https:\\\/\\\/carpinteriajaviersanz.com\\\/reformacion-del-hogar\\\/\",\"name\":\"Reformaci\u00f3n del hogar - Carpinter\u00eda Javier Sanz\",\"isPartOf\":{\"@id\":\"https:\\\/\\\/carpinteriajaviersanz.com\\\/#website\"},\"primaryImageOfPage\":{\"@id\":\"https:\\\/\\\/carpinteriajaviersanz.com\\\/reformacion-del-hogar\\\/#primaryimage\"},\"image\":{\"@id\":\"https:\\\/\\\/carpinteriajaviersanz.com\\\/reformacion-del-hogar\\\/#primaryimage\"},\"thumbnailUrl\":\"https:\\\/\\\/carpinteriajaviersanz.com\\\/wp-content\\\/uploads\\\/elementor\\\/thumbs\\\/floor-level-view-of-laminate-flooring-installation-home-renovation-construction-materials-tiles-1-qpuhspo4mzq2h91oy6ozkfsvhit2ix09hgf20bwvcu.jpg\",\"datePublished\":\"2024-06-18T15:02:09+00:00\",\"dateModified\":\"2024-06-18T16:00:15+00:00\",\"breadcrumb\":{\"@id\":\"https:\\\/\\\/carpinteriajaviersanz.com\\\/reformacion-del-hogar\\\/#breadcrumb\"},\"inLanguage\":\"eu\",\"potentialAction\":[{\"@type\":\"ReadAction\",\"target\":[\"https:\\\/\\\/carpinteriajaviersanz.com\\\/reformacion-del-hogar\\\/\"]}]},{\"@type\":\"ImageObject\",\"inLanguage\":\"eu\",\"@id\":\"https:\\\/\\\/carpinteriajaviersanz.com\\\/reformacion-del-hogar\\\/#primaryimage\",\"url\":\"https:\\\/\\\/carpinteriajaviersanz.com\\\/wp-content\\\/uploads\\\/elementor\\\/thumbs\\\/floor-level-view-of-laminate-flooring-installation-home-renovation-construction-materials-tiles-1-qpuhspo4mzq2h91oy6ozkfsvhit2ix09hgf20bwvcu.jpg\",\"contentUrl\":\"https:\\\/\\\/carpinteriajaviersanz.com\\\/wp-content\\\/uploads\\\/elementor\\\/thumbs\\\/floor-level-view-of-laminate-flooring-installation-home-renovation-construction-materials-tiles-1-qpuhspo4mzq2h91oy6ozkfsvhit2ix09hgf20bwvcu.jpg\"},{\"@type\":\"BreadcrumbList\",\"@id\":\"https:\\\/\\\/carpinteriajaviersanz.com\\\/reformacion-del-hogar\\\/#breadcrumb\",\"itemListElement\":[{\"@type\":\"ListItem\",\"position\":1,\"name\":\"Portada\",\"item\":\"https:\\\/\\\/carpinteriajaviersanz.com\\\/\"},{\"@type\":\"ListItem\",\"position\":2,\"name\":\"Reformaci\u00f3n del hogar\"}]},{\"@type\":\"WebSite\",\"@id\":\"https:\\\/\\\/carpinteriajaviersanz.com\\\/#website\",\"url\":\"https:\\\/\\\/carpinteriajaviersanz.com\\\/\",\"name\":\"Carpinter\u00eda Javier Sanz\",\"description\":\"Somos una empresa de carpinter\u00eda con tres d\u00e9cadas de experiencia, especializada en carpinter\u00eda interior. Dise\u00f1amos y fabricamos muebles a medida, instalamos puertas, armarios empotrados, revestimientos y restauramos piezas antiguas.\",\"publisher\":{\"@id\":\"https:\\\/\\\/carpinteriajaviersanz.com\\\/#organization\"},\"potentialAction\":[{\"@type\":\"SearchAction\",\"target\":{\"@type\":\"EntryPoint\",\"urlTemplate\":\"https:\\\/\\\/carpinteriajaviersanz.com\\\/?s={search_term_string}\"},\"query-input\":{\"@type\":\"PropertyValueSpecification\",\"valueRequired\":true,\"valueName\":\"search_term_string\"}}],\"inLanguage\":\"eu\"},{\"@type\":\"Organization\",\"@id\":\"https:\\\/\\\/carpinteriajaviersanz.com\\\/#organization\",\"name\":\"Carpinter\u00eda Javier Sanz\",\"url\":\"https:\\\/\\\/carpinteriajaviersanz.com\\\/\",\"logo\":{\"@type\":\"ImageObject\",\"inLanguage\":\"eu\",\"@id\":\"https:\\\/\\\/carpinteriajaviersanz.com\\\/#\\\/schema\\\/logo\\\/image\\\/\",\"url\":\"https:\\\/\\\/carpinteriajaviersanz.com\\\/wp-content\\\/uploads\\\/2024\\\/05\\\/cropped-Captura-desde-2024-05-21-12-48-39-1.png\",\"contentUrl\":\"https:\\\/\\\/carpinteriajaviersanz.com\\\/wp-content\\\/uploads\\\/2024\\\/05\\\/cropped-Captura-desde-2024-05-21-12-48-39-1.png\",\"width\":692,\"height\":253,\"caption\":\"Carpinter\u00eda Javier Sanz\"},\"image\":{\"@id\":\"https:\\\/\\\/carpinteriajaviersanz.com\\\/#\\\/schema\\\/logo\\\/image\\\/\"}}]}<\/script>\n<!-- \/ Yoast SEO plugin. -->","yoast_head_json":{"title":"Reformaci\u00f3n del hogar - Carpinter\u00eda Javier Sanz","robots":{"index":"index","follow":"follow","max-snippet":"max-snippet:-1","max-image-preview":"max-image-preview:large","max-video-preview":"max-video-preview:-1"},"canonical":"https:\/\/carpinteriajaviersanz.com\/eus\/reformacion-del-hogar\/","og_locale":"en_US","og_type":"article","og_title":"Reformaci\u00f3n del hogar - Carpinter\u00eda Javier Sanz","og_description":"En nuestra empresa de carpinter\u00eda, nos especializamos en la reformaci\u00f3n integral de hogares, ofreciendo soluciones personalizadas que combinan la belleza natural de la madera con la funcionalidad moderna. Nuestro compromiso es crear espacios \u00fanicos y a la medida de cada cliente, escuchando sus necesidades y transformando sus ideas en realidad. Desde cocinas y ba\u00f1os hasta [&hellip;]","og_url":"https:\/\/carpinteriajaviersanz.com\/eus\/reformacion-del-hogar\/","og_site_name":"Carpinter\u00eda Javier Sanz","article_modified_time":"2024-06-18T16:00:15+00:00","og_image":[{"url":"https:\/\/carpinteriajaviersanz.com\/wp-content\/uploads\/elementor\/thumbs\/floor-level-view-of-laminate-flooring-installation-home-renovation-construction-materials-tiles-1-qpuhspo4mzq2h91oy6ozkfsvhit2ix09hgf20bwvcu.jpg","type":"","width":"","height":""}],"twitter_card":"summary_large_image","twitter_misc":{"Est. reading time":"2 minutua"},"schema":{"@context":"https:\/\/schema.org","@graph":[{"@type":"WebPage","@id":"https:\/\/carpinteriajaviersanz.com\/reformacion-del-hogar\/","url":"https:\/\/carpinteriajaviersanz.com\/reformacion-del-hogar\/","name":"Reformaci\u00f3n del hogar - Carpinter\u00eda Javier Sanz","isPartOf":{"@id":"https:\/\/carpinteriajaviersanz.com\/#website"},"primaryImageOfPage":{"@id":"https:\/\/carpinteriajaviersanz.com\/reformacion-del-hogar\/#primaryimage"},"image":{"@id":"https:\/\/carpinteriajaviersanz.com\/reformacion-del-hogar\/#primaryimage"},"thumbnailUrl":"https:\/\/carpinteriajaviersanz.com\/wp-content\/uploads\/elementor\/thumbs\/floor-level-view-of-laminate-flooring-installation-home-renovation-construction-materials-tiles-1-qpuhspo4mzq2h91oy6ozkfsvhit2ix09hgf20bwvcu.jpg","datePublished":"2024-06-18T15:02:09+00:00","dateModified":"2024-06-18T16:00:15+00:00","breadcrumb":{"@id":"https:\/\/carpinteriajaviersanz.com\/reformacion-del-hogar\/#breadcrumb"},"inLanguage":"eu","potentialAction":[{"@type":"ReadAction","target":["https:\/\/carpinteriajaviersanz.com\/reformacion-del-hogar\/"]}]},{"@type":"ImageObject","inLanguage":"eu","@id":"https:\/\/carpinteriajaviersanz.com\/reformacion-del-hogar\/#primaryimage","url":"https:\/\/carpinteriajaviersanz.com\/wp-content\/uploads\/elementor\/thumbs\/floor-level-view-of-laminate-flooring-installation-home-renovation-construction-materials-tiles-1-qpuhspo4mzq2h91oy6ozkfsvhit2ix09hgf20bwvcu.jpg","contentUrl":"https:\/\/carpinteriajaviersanz.com\/wp-content\/uploads\/elementor\/thumbs\/floor-level-view-of-laminate-flooring-installation-home-renovation-construction-materials-tiles-1-qpuhspo4mzq2h91oy6ozkfsvhit2ix09hgf20bwvcu.jpg"},{"@type":"BreadcrumbList","@id":"https:\/\/carpinteriajaviersanz.com\/reformacion-del-hogar\/#breadcrumb","itemListElement":[{"@type":"ListItem","position":1,"name":"Portada","item":"https:\/\/carpinteriajaviersanz.com\/"},{"@type":"ListItem","position":2,"name":"Reformaci\u00f3n del hogar"}]},{"@type":"WebSite","@id":"https:\/\/carpinteriajaviersanz.com\/#website","url":"https:\/\/carpinteriajaviersanz.com\/","name":"Carpinter\u00eda Javier Sanz","description":"Somos una empresa de carpinter\u00eda con tres d\u00e9cadas de experiencia, especializada en carpinter\u00eda interior. Dise\u00f1amos y fabricamos muebles a medida, instalamos puertas, armarios empotrados, revestimientos y restauramos piezas antiguas.","publisher":{"@id":"https:\/\/carpinteriajaviersanz.com\/#organization"},"potentialAction":[{"@type":"SearchAction","target":{"@type":"EntryPoint","urlTemplate":"https:\/\/carpinteriajaviersanz.com\/?s={search_term_string}"},"query-input":{"@type":"PropertyValueSpecification","valueRequired":true,"valueName":"search_term_string"}}],"inLanguage":"eu"},{"@type":"Organization","@id":"https:\/\/carpinteriajaviersanz.com\/#organization","name":"Carpinter\u00eda Javier Sanz","url":"https:\/\/carpinteriajaviersanz.com\/","logo":{"@type":"ImageObject","inLanguage":"eu","@id":"https:\/\/carpinteriajaviersanz.com\/#\/schema\/logo\/image\/","url":"https:\/\/carpinteriajaviersanz.com\/wp-content\/uploads\/2024\/05\/cropped-Captura-desde-2024-05-21-12-48-39-1.png","contentUrl":"https:\/\/carpinteriajaviersanz.com\/wp-content\/uploads\/2024\/05\/cropped-Captura-desde-2024-05-21-12-48-39-1.png","width":692,"height":253,"caption":"Carpinter\u00eda Javier Sanz"},"image":{"@id":"https:\/\/carpinteriajaviersanz.com\/#\/schema\/logo\/image\/"}}]}},"_links":{"self":[{"href":"https:\/\/carpinteriajaviersanz.com\/eus\/wp-json\/wp\/v2\/pages\/815","targetHints":{"allow":["GET"]}}],"collection":[{"href":"https:\/\/carpinteriajaviersanz.com\/eus\/wp-json\/wp\/v2\/pages"}],"about":[{"href":"https:\/\/carpinteriajaviersanz.com\/eus\/wp-json\/wp\/v2\/types\/page"}],"author":[{"embeddable":true,"href":"https:\/\/carpinteriajaviersanz.com\/eus\/wp-json\/wp\/v2\/users\/1"}],"replies":[{"embeddable":true,"href":"https:\/\/carpinteriajaviersanz.com\/eus\/wp-json\/wp\/v2\/comments?post=815"}],"version-history":[{"count":7,"href":"https:\/\/carpinteriajaviersanz.com\/eus\/wp-json\/wp\/v2\/pages\/815\/revisions"}],"predecessor-version":[{"id":856,"href":"https:\/\/carpinteriajaviersanz.com\/eus\/wp-json\/wp\/v2\/pages\/815\/revisions\/856"}],"wp:attachment":[{"href":"https:\/\/carpinteriajaviersanz.com\/eus\/wp-json\/wp\/v2\/media?parent=815"}],"curies":[{"name":"wp","href":"https:\/\/api.w.org\/{rel}","templated":true}]}}