{"id":703,"date":"2024-06-18T11:34:59","date_gmt":"2024-06-18T11:34:59","guid":{"rendered":"https:\/\/carpinteriajaviersanz.com\/?page_id=703"},"modified":"2024-06-21T07:35:10","modified_gmt":"2024-06-21T07:35:10","slug":"renovacion-del-hogar","status":"publish","type":"page","link":"https:\/\/carpinteriajaviersanz.com\/eus\/renovacion-del-hogar\/","title":{"rendered":"Renovacion del hogar"},"content":{"rendered":"<div data-elementor-type=\"wp-page\" data-elementor-id=\"703\" class=\"elementor elementor-703\" data-elementor-post-type=\"page\">\n\t\t\t\t<div class=\"elementor-element elementor-element-4db3b2c e-con-full e-flex e-con e-parent\" data-id=\"4db3b2c\" data-element_type=\"container\" data-e-type=\"container\">\n\t\t\t\t<div class=\"elementor-element elementor-element-c5aaf09 elementor-widget__width-initial elementor-arrows-position-inside elementor-pagination-position-outside elementor-widget elementor-widget-image-carousel\" data-id=\"c5aaf09\" data-element_type=\"widget\" data-e-type=\"widget\" data-settings=\"{&quot;slides_to_show&quot;:&quot;1&quot;,&quot;navigation&quot;:&quot;both&quot;,&quot;autoplay&quot;:&quot;yes&quot;,&quot;pause_on_hover&quot;:&quot;yes&quot;,&quot;pause_on_interaction&quot;:&quot;yes&quot;,&quot;autoplay_speed&quot;:5000,&quot;infinite&quot;:&quot;yes&quot;,&quot;effect&quot;:&quot;slide&quot;,&quot;speed&quot;:500}\" data-widget_type=\"image-carousel.default\">\n\t\t\t\t<div class=\"elementor-widget-container\">\n\t\t\t\t\t\t\t<div class=\"elementor-image-carousel-wrapper swiper\" role=\"region\" aria-roledescription=\"carousel\" aria-label=\"Carrusel de im\u00e1genes\" dir=\"ltr\">\n\t\t\t<div class=\"elementor-image-carousel swiper-wrapper swiper-image-stretch\" aria-live=\"off\">\n\t\t\t\t\t\t\t\t<div class=\"swiper-slide\" role=\"group\" aria-roledescription=\"slide\" aria-label=\"1 de 3\"><figure class=\"swiper-slide-inner\"><img decoding=\"async\" class=\"swiper-slide-image\" src=\"https:\/\/carpinteriajaviersanz.com\/wp-content\/uploads\/2024\/06\/floor-level-view-of-laminate-flooring-installation-home-renovation-construction-materials-tiles-e1718955068174.jpg\" alt=\"Floor level view of laminate flooring installation, home renovation, construction materials, tiles\" \/><\/figure><\/div><div class=\"swiper-slide\" role=\"group\" aria-roledescription=\"slide\" aria-label=\"2 de 3\"><figure class=\"swiper-slide-inner\"><img decoding=\"async\" class=\"swiper-slide-image\" src=\"https:\/\/carpinteriajaviersanz.com\/wp-content\/uploads\/2024\/06\/laminate-home-renovation-floor-construction-e1718955199566.jpg\" alt=\"laminate home renovation floor construction\" \/><\/figure><\/div><div class=\"swiper-slide\" role=\"group\" aria-roledescription=\"slide\" aria-label=\"3 de 3\"><figure class=\"swiper-slide-inner\"><img decoding=\"async\" class=\"swiper-slide-image\" src=\"https:\/\/carpinteriajaviersanz.com\/wp-content\/uploads\/2024\/06\/house-renovation-laminate-flooring-e1718955293125.jpg\" alt=\"House renovation. Laminate flooring\" \/><\/figure><\/div>\t\t\t<\/div>\n\t\t\t\t\t\t\t\t\t\t\t\t<div class=\"elementor-swiper-button elementor-swiper-button-prev\" role=\"button\" tabindex=\"0\">\n\t\t\t\t\t\t<svg aria-hidden=\"true\" class=\"e-font-icon-svg e-eicon-chevron-left\" viewbox=\"0 0 1000 1000\" xmlns=\"http:\/\/www.w3.org\/2000\/svg\"><path d=\"M646 125C629 125 613 133 604 142L308 442C296 454 292 471 292 487 292 504 296 521 308 533L604 854C617 867 629 875 646 875 663 875 679 871 692 858 704 846 713 829 713 812 713 796 708 779 692 767L438 487 692 225C700 217 708 204 708 187 708 171 704 154 692 142 675 129 663 125 646 125Z\"><\/path><\/svg>\t\t\t\t\t<\/div>\n\t\t\t\t\t<div class=\"elementor-swiper-button elementor-swiper-button-next\" role=\"button\" tabindex=\"0\">\n\t\t\t\t\t\t<svg aria-hidden=\"true\" class=\"e-font-icon-svg e-eicon-chevron-right\" viewbox=\"0 0 1000 1000\" xmlns=\"http:\/\/www.w3.org\/2000\/svg\"><path d=\"M696 533C708 521 713 504 713 487 713 471 708 454 696 446L400 146C388 133 375 125 354 125 338 125 325 129 313 142 300 154 292 171 292 187 292 204 296 221 308 233L563 492 304 771C292 783 288 800 288 817 288 833 296 850 308 863 321 871 338 875 354 875 371 875 388 867 400 854L696 533Z\"><\/path><\/svg>\t\t\t\t\t<\/div>\n\t\t\t\t\n\t\t\t\t\t\t\t\t\t<div class=\"swiper-pagination\"><\/div>\n\t\t\t\t\t\t\t\t\t<\/div>\n\t\t\t\t\t\t<\/div>\n\t\t\t\t<\/div>\n\t\t\t\t<\/div>\n\t\t<div class=\"elementor-element elementor-element-6d0e9d5 e-flex e-con-boxed e-con e-parent\" data-id=\"6d0e9d5\" data-element_type=\"container\" data-e-type=\"container\">\n\t\t\t\t\t<div class=\"e-con-inner\">\n\t\t\t\t<div class=\"elementor-element elementor-element-f322def elementor-widget elementor-widget-text-editor\" data-id=\"f322def\" data-element_type=\"widget\" data-e-type=\"widget\" data-widget_type=\"text-editor.default\">\n\t\t\t\t<div class=\"elementor-widget-container\">\n\t\t\t\t\t\t\t\t\t<p>En nuestra empresa de carpinter\u00eda, nos enorgullece transformar cada rinc\u00f3n de tu hogar con la elegancia y durabilidad incomparables de la madera. Nuestro compromiso con la calidad se refleja en cada proyecto que emprendemos, desde cocina y ba\u00f1os hasta dormitorios y salas de estar. Cada uno de nuestros dise\u00f1os personalizados est\u00e1 cuidadosamente creado para reflejar tu estilo y necesidades espec\u00edficos, y siempre estamos dispuestos a escuchar tus ideas y sugerencias.<\/p>\t\t\t\t\t\t\t\t<\/div>\n\t\t\t\t<\/div>\n\t\t\t\t\t<\/div>\n\t\t\t\t<\/div>\n\t\t\t\t<\/div>","protected":false},"excerpt":{"rendered":"<p>En nuestra empresa de carpinter\u00eda, nos enorgullece transformar cada rinc\u00f3n de tu hogar con la elegancia y durabilidad incomparables de la madera. Nuestro compromiso con la calidad se refleja en cada proyecto que emprendemos, desde cocina y ba\u00f1os hasta dormitorios y salas de estar. Cada uno de nuestros dise\u00f1os personalizados est\u00e1 cuidadosamente creado para reflejar [&hellip;]<\/p>\n","protected":false},"author":1,"featured_media":0,"parent":0,"menu_order":0,"comment_status":"closed","ping_status":"closed","template":"elementor_canvas","meta":{"footnotes":""},"class_list":["post-703","page","type-page","status-publish","hentry"],"yoast_head":"<!-- This site is optimized with the Yoast SEO plugin v27.4 - https:\/\/yoast.com\/product\/yoast-seo-wordpress\/ -->\n<title>Renovacion del hogar - Carpinter\u00eda Javier Sanz<\/title>\n<meta name=\"robots\" content=\"index, follow, max-snippet:-1, max-image-preview:large, max-video-preview:-1\" \/>\n<link rel=\"canonical\" href=\"https:\/\/carpinteriajaviersanz.com\/eus\/renovacion-del-hogar\/\" \/>\n<meta property=\"og:locale\" content=\"en_US\" \/>\n<meta property=\"og:type\" content=\"article\" \/>\n<meta property=\"og:title\" content=\"Renovacion del hogar - Carpinter\u00eda Javier Sanz\" \/>\n<meta property=\"og:description\" content=\"En nuestra empresa de carpinter\u00eda, nos enorgullece transformar cada rinc\u00f3n de tu hogar con la elegancia y durabilidad incomparables de la madera. Nuestro compromiso con la calidad se refleja en cada proyecto que emprendemos, desde cocina y ba\u00f1os hasta dormitorios y salas de estar. Cada uno de nuestros dise\u00f1os personalizados est\u00e1 cuidadosamente creado para reflejar [&hellip;]\" \/>\n<meta property=\"og:url\" content=\"https:\/\/carpinteriajaviersanz.com\/eus\/renovacion-del-hogar\/\" \/>\n<meta property=\"og:site_name\" content=\"Carpinter\u00eda Javier Sanz\" \/>\n<meta property=\"article:modified_time\" content=\"2024-06-21T07:35:10+00:00\" \/>\n<meta property=\"og:image\" content=\"https:\/\/carpinteriajaviersanz.com\/wp-content\/uploads\/2024\/06\/floor-level-view-of-laminate-flooring-installation-home-renovation-construction-materials-tiles-e1718955068174.jpg\" \/>\n<meta name=\"twitter:card\" content=\"summary_large_image\" \/>\n<meta name=\"twitter:label1\" content=\"Est. reading time\" \/>\n\t<meta name=\"twitter:data1\" content=\"2 minutua\" \/>\n<script type=\"application\/ld+json\" class=\"yoast-schema-graph\">{\"@context\":\"https:\\\/\\\/schema.org\",\"@graph\":[{\"@type\":\"WebPage\",\"@id\":\"https:\\\/\\\/carpinteriajaviersanz.com\\\/renovacion-del-hogar\\\/\",\"url\":\"https:\\\/\\\/carpinteriajaviersanz.com\\\/renovacion-del-hogar\\\/\",\"name\":\"Renovacion del hogar - Carpinter\u00eda Javier Sanz\",\"isPartOf\":{\"@id\":\"https:\\\/\\\/carpinteriajaviersanz.com\\\/#website\"},\"primaryImageOfPage\":{\"@id\":\"https:\\\/\\\/carpinteriajaviersanz.com\\\/renovacion-del-hogar\\\/#primaryimage\"},\"image\":{\"@id\":\"https:\\\/\\\/carpinteriajaviersanz.com\\\/renovacion-del-hogar\\\/#primaryimage\"},\"thumbnailUrl\":\"https:\\\/\\\/carpinteriajaviersanz.com\\\/wp-content\\\/uploads\\\/2024\\\/06\\\/floor-level-view-of-laminate-flooring-installation-home-renovation-construction-materials-tiles-e1718955068174.jpg\",\"datePublished\":\"2024-06-18T11:34:59+00:00\",\"dateModified\":\"2024-06-21T07:35:10+00:00\",\"breadcrumb\":{\"@id\":\"https:\\\/\\\/carpinteriajaviersanz.com\\\/renovacion-del-hogar\\\/#breadcrumb\"},\"inLanguage\":\"eu\",\"potentialAction\":[{\"@type\":\"ReadAction\",\"target\":[\"https:\\\/\\\/carpinteriajaviersanz.com\\\/renovacion-del-hogar\\\/\"]}]},{\"@type\":\"ImageObject\",\"inLanguage\":\"eu\",\"@id\":\"https:\\\/\\\/carpinteriajaviersanz.com\\\/renovacion-del-hogar\\\/#primaryimage\",\"url\":\"https:\\\/\\\/carpinteriajaviersanz.com\\\/wp-content\\\/uploads\\\/2024\\\/06\\\/floor-level-view-of-laminate-flooring-installation-home-renovation-construction-materials-tiles-e1718955068174.jpg\",\"contentUrl\":\"https:\\\/\\\/carpinteriajaviersanz.com\\\/wp-content\\\/uploads\\\/2024\\\/06\\\/floor-level-view-of-laminate-flooring-installation-home-renovation-construction-materials-tiles-e1718955068174.jpg\"},{\"@type\":\"BreadcrumbList\",\"@id\":\"https:\\\/\\\/carpinteriajaviersanz.com\\\/renovacion-del-hogar\\\/#breadcrumb\",\"itemListElement\":[{\"@type\":\"ListItem\",\"position\":1,\"name\":\"Portada\",\"item\":\"https:\\\/\\\/carpinteriajaviersanz.com\\\/\"},{\"@type\":\"ListItem\",\"position\":2,\"name\":\"Renovacion del hogar\"}]},{\"@type\":\"WebSite\",\"@id\":\"https:\\\/\\\/carpinteriajaviersanz.com\\\/#website\",\"url\":\"https:\\\/\\\/carpinteriajaviersanz.com\\\/\",\"name\":\"Carpinter\u00eda Javier Sanz\",\"description\":\"Somos una empresa de carpinter\u00eda con tres d\u00e9cadas de experiencia, especializada en carpinter\u00eda interior. Dise\u00f1amos y fabricamos muebles a medida, instalamos puertas, armarios empotrados, revestimientos y restauramos piezas antiguas.\",\"publisher\":{\"@id\":\"https:\\\/\\\/carpinteriajaviersanz.com\\\/#organization\"},\"potentialAction\":[{\"@type\":\"SearchAction\",\"target\":{\"@type\":\"EntryPoint\",\"urlTemplate\":\"https:\\\/\\\/carpinteriajaviersanz.com\\\/?s={search_term_string}\"},\"query-input\":{\"@type\":\"PropertyValueSpecification\",\"valueRequired\":true,\"valueName\":\"search_term_string\"}}],\"inLanguage\":\"eu\"},{\"@type\":\"Organization\",\"@id\":\"https:\\\/\\\/carpinteriajaviersanz.com\\\/#organization\",\"name\":\"Carpinter\u00eda Javier Sanz\",\"url\":\"https:\\\/\\\/carpinteriajaviersanz.com\\\/\",\"logo\":{\"@type\":\"ImageObject\",\"inLanguage\":\"eu\",\"@id\":\"https:\\\/\\\/carpinteriajaviersanz.com\\\/#\\\/schema\\\/logo\\\/image\\\/\",\"url\":\"https:\\\/\\\/carpinteriajaviersanz.com\\\/wp-content\\\/uploads\\\/2024\\\/05\\\/cropped-Captura-desde-2024-05-21-12-48-39-1.png\",\"contentUrl\":\"https:\\\/\\\/carpinteriajaviersanz.com\\\/wp-content\\\/uploads\\\/2024\\\/05\\\/cropped-Captura-desde-2024-05-21-12-48-39-1.png\",\"width\":692,\"height\":253,\"caption\":\"Carpinter\u00eda Javier Sanz\"},\"image\":{\"@id\":\"https:\\\/\\\/carpinteriajaviersanz.com\\\/#\\\/schema\\\/logo\\\/image\\\/\"}}]}<\/script>\n<!-- \/ Yoast SEO plugin. -->","yoast_head_json":{"title":"Renovacion del hogar - Carpinter\u00eda Javier Sanz","robots":{"index":"index","follow":"follow","max-snippet":"max-snippet:-1","max-image-preview":"max-image-preview:large","max-video-preview":"max-video-preview:-1"},"canonical":"https:\/\/carpinteriajaviersanz.com\/eus\/renovacion-del-hogar\/","og_locale":"en_US","og_type":"article","og_title":"Renovacion del hogar - Carpinter\u00eda Javier Sanz","og_description":"En nuestra empresa de carpinter\u00eda, nos enorgullece transformar cada rinc\u00f3n de tu hogar con la elegancia y durabilidad incomparables de la madera. Nuestro compromiso con la calidad se refleja en cada proyecto que emprendemos, desde cocina y ba\u00f1os hasta dormitorios y salas de estar. Cada uno de nuestros dise\u00f1os personalizados est\u00e1 cuidadosamente creado para reflejar [&hellip;]","og_url":"https:\/\/carpinteriajaviersanz.com\/eus\/renovacion-del-hogar\/","og_site_name":"Carpinter\u00eda Javier Sanz","article_modified_time":"2024-06-21T07:35:10+00:00","og_image":[{"url":"https:\/\/carpinteriajaviersanz.com\/wp-content\/uploads\/2024\/06\/floor-level-view-of-laminate-flooring-installation-home-renovation-construction-materials-tiles-e1718955068174.jpg","type":"","width":"","height":""}],"twitter_card":"summary_large_image","twitter_misc":{"Est. reading time":"2 minutua"},"schema":{"@context":"https:\/\/schema.org","@graph":[{"@type":"WebPage","@id":"https:\/\/carpinteriajaviersanz.com\/renovacion-del-hogar\/","url":"https:\/\/carpinteriajaviersanz.com\/renovacion-del-hogar\/","name":"Renovacion del hogar - Carpinter\u00eda Javier Sanz","isPartOf":{"@id":"https:\/\/carpinteriajaviersanz.com\/#website"},"primaryImageOfPage":{"@id":"https:\/\/carpinteriajaviersanz.com\/renovacion-del-hogar\/#primaryimage"},"image":{"@id":"https:\/\/carpinteriajaviersanz.com\/renovacion-del-hogar\/#primaryimage"},"thumbnailUrl":"https:\/\/carpinteriajaviersanz.com\/wp-content\/uploads\/2024\/06\/floor-level-view-of-laminate-flooring-installation-home-renovation-construction-materials-tiles-e1718955068174.jpg","datePublished":"2024-06-18T11:34:59+00:00","dateModified":"2024-06-21T07:35:10+00:00","breadcrumb":{"@id":"https:\/\/carpinteriajaviersanz.com\/renovacion-del-hogar\/#breadcrumb"},"inLanguage":"eu","potentialAction":[{"@type":"ReadAction","target":["https:\/\/carpinteriajaviersanz.com\/renovacion-del-hogar\/"]}]},{"@type":"ImageObject","inLanguage":"eu","@id":"https:\/\/carpinteriajaviersanz.com\/renovacion-del-hogar\/#primaryimage","url":"https:\/\/carpinteriajaviersanz.com\/wp-content\/uploads\/2024\/06\/floor-level-view-of-laminate-flooring-installation-home-renovation-construction-materials-tiles-e1718955068174.jpg","contentUrl":"https:\/\/carpinteriajaviersanz.com\/wp-content\/uploads\/2024\/06\/floor-level-view-of-laminate-flooring-installation-home-renovation-construction-materials-tiles-e1718955068174.jpg"},{"@type":"BreadcrumbList","@id":"https:\/\/carpinteriajaviersanz.com\/renovacion-del-hogar\/#breadcrumb","itemListElement":[{"@type":"ListItem","position":1,"name":"Portada","item":"https:\/\/carpinteriajaviersanz.com\/"},{"@type":"ListItem","position":2,"name":"Renovacion del hogar"}]},{"@type":"WebSite","@id":"https:\/\/carpinteriajaviersanz.com\/#website","url":"https:\/\/carpinteriajaviersanz.com\/","name":"Carpinter\u00eda Javier Sanz","description":"Somos una empresa de carpinter\u00eda con tres d\u00e9cadas de experiencia, especializada en carpinter\u00eda interior. Dise\u00f1amos y fabricamos muebles a medida, instalamos puertas, armarios empotrados, revestimientos y restauramos piezas antiguas.","publisher":{"@id":"https:\/\/carpinteriajaviersanz.com\/#organization"},"potentialAction":[{"@type":"SearchAction","target":{"@type":"EntryPoint","urlTemplate":"https:\/\/carpinteriajaviersanz.com\/?s={search_term_string}"},"query-input":{"@type":"PropertyValueSpecification","valueRequired":true,"valueName":"search_term_string"}}],"inLanguage":"eu"},{"@type":"Organization","@id":"https:\/\/carpinteriajaviersanz.com\/#organization","name":"Carpinter\u00eda Javier Sanz","url":"https:\/\/carpinteriajaviersanz.com\/","logo":{"@type":"ImageObject","inLanguage":"eu","@id":"https:\/\/carpinteriajaviersanz.com\/#\/schema\/logo\/image\/","url":"https:\/\/carpinteriajaviersanz.com\/wp-content\/uploads\/2024\/05\/cropped-Captura-desde-2024-05-21-12-48-39-1.png","contentUrl":"https:\/\/carpinteriajaviersanz.com\/wp-content\/uploads\/2024\/05\/cropped-Captura-desde-2024-05-21-12-48-39-1.png","width":692,"height":253,"caption":"Carpinter\u00eda Javier Sanz"},"image":{"@id":"https:\/\/carpinteriajaviersanz.com\/#\/schema\/logo\/image\/"}}]}},"_links":{"self":[{"href":"https:\/\/carpinteriajaviersanz.com\/eus\/wp-json\/wp\/v2\/pages\/703","targetHints":{"allow":["GET"]}}],"collection":[{"href":"https:\/\/carpinteriajaviersanz.com\/eus\/wp-json\/wp\/v2\/pages"}],"about":[{"href":"https:\/\/carpinteriajaviersanz.com\/eus\/wp-json\/wp\/v2\/types\/page"}],"author":[{"embeddable":true,"href":"https:\/\/carpinteriajaviersanz.com\/eus\/wp-json\/wp\/v2\/users\/1"}],"replies":[{"embeddable":true,"href":"https:\/\/carpinteriajaviersanz.com\/eus\/wp-json\/wp\/v2\/comments?post=703"}],"version-history":[{"count":23,"href":"https:\/\/carpinteriajaviersanz.com\/eus\/wp-json\/wp\/v2\/pages\/703\/revisions"}],"predecessor-version":[{"id":950,"href":"https:\/\/carpinteriajaviersanz.com\/eus\/wp-json\/wp\/v2\/pages\/703\/revisions\/950"}],"wp:attachment":[{"href":"https:\/\/carpinteriajaviersanz.com\/eus\/wp-json\/wp\/v2\/media?parent=703"}],"curies":[{"name":"wp","href":"https:\/\/api.w.org\/{rel}","templated":true}]}}